{"id":227,"date":"2023-07-05T09:30:39","date_gmt":"2023-07-05T09:30:39","guid":{"rendered":"https:\/\/laborghesina.ch\/?page_id=227"},"modified":"2026-04-02T13:43:44","modified_gmt":"2026-04-02T13:43:44","slug":"moda-donna","status":"publish","type":"page","link":"https:\/\/laborghesina.ch\/?page_id=227","title":{"rendered":"Moda Donna"},"content":{"rendered":"\n<div class=\"wp-block-cover alignfull is-light has-custom-content-position is-position-top-center copertinamoda\"><span aria-hidden=\"true\" class=\"wp-block-cover__background has-background-dim\" style=\"background-color:#a7a8a3\"><\/span><img loading=\"lazy\" decoding=\"async\" width=\"832\" height=\"1248\" class=\"wp-block-cover__image-background wp-image-3785\" alt=\"\" src=\"http:\/\/laborghesina.ch\/wp-content\/uploads\/2026\/03\/Photoroom_20260225_211045-1.png\" data-object-fit=\"cover\" srcset=\"https:\/\/laborghesina.ch\/wp-content\/uploads\/2026\/03\/Photoroom_20260225_211045-1.png 832w, https:\/\/laborghesina.ch\/wp-content\/uploads\/2026\/03\/Photoroom_20260225_211045-1-200x300.png 200w, https:\/\/laborghesina.ch\/wp-content\/uploads\/2026\/03\/Photoroom_20260225_211045-1-683x1024.png 683w, https:\/\/laborghesina.ch\/wp-content\/uploads\/2026\/03\/Photoroom_20260225_211045-1-768x1152.png 768w\" sizes=\"auto, (max-width: 832px) 100vw, 832px\" \/><div class=\"wp-block-cover__inner-container is-layout-flow wp-block-cover-is-layout-flow\">\n<div style=\"height:244px\" aria-hidden=\"true\" class=\"wp-block-spacer\"><\/div>\n\n\n\n<div class=\"wp-block-uagb-container uagb-block-9fa8ccf0 alignfull uagb-is-root-container\"><div class=\"uagb-container-inner-blocks-wrap\">\n<h2 class=\"wp-block-heading has-text-align-center has-base-3-color has-text-color has-large-font-size\">\u201c\u2026Da noi a Locarno troverai sempre novit\u00e0 che vestiranno con fantasia e qualit\u00e0 le tue giornate e le tue occasioni\u2026\u201d<\/h2>\n<\/div><\/div>\n\n\n\n<div class=\"wp-block-uagb-container uagb-block-a9df13af alignfull uagb-is-root-container\"><div class=\"uagb-container-inner-blocks-wrap\">\n<div class=\"wp-block-columns is-not-stacked-on-mobile is-layout-flex wp-container-core-columns-is-layout-1 wp-block-columns-is-layout-flex\">\n<div class=\"wp-block-column is-layout-flow wp-block-column-is-layout-flow\" style=\"flex-basis:33.34%\">\n<div data-aos= \"zoom-in\" data-aos-duration=\"400\" data-aos-delay=\"0\" data-aos-easing=\"ease\" data-aos-once=\"true\" class=\"wp-block-uagb-image uagb-block-edda711a wp-block-uagb-image--layout-default wp-block-uagb-image--effect-static wp-block-uagb-image--align-none\"><figure class=\"wp-block-uagb-image__figure\"><img decoding=\"async\" srcset=\"https:\/\/laborghesina.ch\/wp-content\/uploads\/2023\/07\/lebek.png \" sizes=\"auto, (max-width: 480px) 150px\" src=\"https:\/\/laborghesina.ch\/wp-content\/uploads\/2023\/07\/lebek.png\" alt=\"\" class=\"uag-image-456\" width=\"500\" height=\"250\" title=\"\" loading=\"lazy\" role=\"img\"\/><\/figure><\/div>\n\n\n\n<div data-aos= \"zoom-in\" data-aos-duration=\"400\" data-aos-delay=\"0\" data-aos-easing=\"ease\" data-aos-once=\"true\" class=\"wp-block-uagb-image uagb-block-01552f50 wp-block-uagb-image--layout-default wp-block-uagb-image--effect-static wp-block-uagb-image--align-none\"><figure class=\"wp-block-uagb-image__figure\"><img decoding=\"async\" srcset=\"https:\/\/laborghesina.ch\/wp-content\/uploads\/2023\/07\/green.png \" sizes=\"auto, (max-width: 480px) 150px\" src=\"https:\/\/laborghesina.ch\/wp-content\/uploads\/2023\/07\/green.png\" alt=\"\" class=\"uag-image-465\" width=\"500\" height=\"250\" title=\"\" loading=\"lazy\" role=\"img\"\/><\/figure><\/div>\n\n\n\n<div data-aos= \"zoom-in\" data-aos-duration=\"400\" data-aos-delay=\"0\" data-aos-easing=\"ease\" data-aos-once=\"true\" class=\"wp-block-uagb-image uagb-block-4cd1be54 wp-block-uagb-image--layout-default wp-block-uagb-image--effect-static wp-block-uagb-image--align-none\"><figure class=\"wp-block-uagb-image__figure\"><img decoding=\"async\" srcset=\"https:\/\/laborghesina.ch\/wp-content\/uploads\/2023\/07\/blue.png \" sizes=\"auto, (max-width: 480px) 150px\" src=\"https:\/\/laborghesina.ch\/wp-content\/uploads\/2023\/07\/blue.png\" alt=\"\" class=\"uag-image-469\" width=\"500\" height=\"250\" title=\"\" loading=\"lazy\" role=\"img\"\/><\/figure><\/div>\n<\/div>\n\n\n\n<div class=\"wp-block-column is-layout-flow wp-block-column-is-layout-flow\" style=\"flex-basis:33.34%\">\n<div data-aos= \"zoom-in\" data-aos-duration=\"400\" data-aos-delay=\"0\" data-aos-easing=\"ease\" data-aos-once=\"true\" class=\"wp-block-uagb-image uagb-block-33bf7745 wp-block-uagb-image--layout-default wp-block-uagb-image--effect-static wp-block-uagb-image--align-none\"><figure class=\"wp-block-uagb-image__figure\"><img decoding=\"async\" srcset=\"https:\/\/laborghesina.ch\/wp-content\/uploads\/2023\/07\/simclam.png \" sizes=\"auto, (max-width: 480px) 150px\" src=\"https:\/\/laborghesina.ch\/wp-content\/uploads\/2023\/07\/simclam.png\" alt=\"\" class=\"uag-image-460\" width=\"500\" height=\"250\" title=\"\" loading=\"lazy\" role=\"img\"\/><\/figure><\/div>\n\n\n\n<div data-aos= \"zoom-in\" data-aos-duration=\"400\" data-aos-delay=\"0\" data-aos-easing=\"ease\" data-aos-once=\"true\" class=\"wp-block-uagb-image uagb-block-0b47f4cf wp-block-uagb-image--layout-default wp-block-uagb-image--effect-static wp-block-uagb-image--align-none\"><figure class=\"wp-block-uagb-image__figure\"><img decoding=\"async\" srcset=\"https:\/\/laborghesina.ch\/wp-content\/uploads\/2023\/07\/toni.png \" sizes=\"auto, (max-width: 480px) 150px\" src=\"https:\/\/laborghesina.ch\/wp-content\/uploads\/2023\/07\/toni.png\" alt=\"\" class=\"uag-image-467\" width=\"500\" height=\"250\" title=\"\" loading=\"lazy\" role=\"img\"\/><\/figure><\/div>\n\n\n\n<div data-aos= \"zoom-in\" data-aos-duration=\"400\" data-aos-delay=\"0\" data-aos-easing=\"ease\" data-aos-once=\"true\" class=\"wp-block-uagb-image uagb-block-ecef0a60 wp-block-uagb-image--layout-default wp-block-uagb-image--effect-static wp-block-uagb-image--align-none\"><figure class=\"wp-block-uagb-image__figure\"><img decoding=\"async\" srcset=\"https:\/\/laborghesina.ch\/wp-content\/uploads\/2023\/07\/carla.png \" sizes=\"auto, (max-width: 480px) 150px\" src=\"https:\/\/laborghesina.ch\/wp-content\/uploads\/2023\/07\/carla.png\" alt=\"\" class=\"uag-image-470\" width=\"500\" height=\"250\" title=\"\" loading=\"lazy\" role=\"img\"\/><\/figure><\/div>\n<\/div>\n\n\n\n<div class=\"wp-block-column is-layout-flow wp-block-column-is-layout-flow\" style=\"flex-basis:33.33%\">\n<div data-aos= \"zoom-in\" data-aos-duration=\"400\" data-aos-delay=\"0\" data-aos-easing=\"ease\" data-aos-once=\"true\" class=\"wp-block-uagb-image uagb-block-f9b27d84 wp-block-uagb-image--layout-default wp-block-uagb-image--effect-static wp-block-uagb-image--align-none\"><figure class=\"wp-block-uagb-image__figure\"><img decoding=\"async\" srcset=\"https:\/\/laborghesina.ch\/wp-content\/uploads\/2023\/07\/vetono.png \" sizes=\"auto, (max-width: 480px) 150px\" src=\"https:\/\/laborghesina.ch\/wp-content\/uploads\/2023\/07\/vetono.png\" alt=\"\" class=\"uag-image-462\" width=\"500\" height=\"250\" title=\"\" loading=\"lazy\" role=\"img\"\/><\/figure><\/div>\n\n\n\n<div data-aos= \"zoom-in\" data-aos-duration=\"400\" data-aos-delay=\"0\" data-aos-easing=\"ease\" data-aos-once=\"true\" class=\"wp-block-uagb-image uagb-block-614d80cc wp-block-uagb-image--layout-default wp-block-uagb-image--effect-static wp-block-uagb-image--align-none\"><figure class=\"wp-block-uagb-image__figure\"><img decoding=\"async\" srcset=\"https:\/\/laborghesina.ch\/wp-content\/uploads\/2023\/07\/gerke.png \" sizes=\"auto, (max-width: 480px) 150px\" src=\"https:\/\/laborghesina.ch\/wp-content\/uploads\/2023\/07\/gerke.png\" alt=\"\" class=\"uag-image-468\" width=\"500\" height=\"250\" title=\"\" loading=\"lazy\" role=\"img\"\/><\/figure><\/div>\n<\/div>\n<\/div>\n<\/div><\/div>\n\n\n\n<div class=\"wp-block-uagb-container uagb-block-47d81336 alignfull uagb-is-root-container\"><div class=\"uagb-container-inner-blocks-wrap\">\n<div style=\"height:30px\" aria-hidden=\"true\" class=\"wp-block-spacer\"><\/div>\n<\/div><\/div>\n<\/div><\/div>\n\n\n\n<div style=\"height:26px\" aria-hidden=\"true\" class=\"wp-block-spacer\"><\/div>\n\n\n\n<div class=\"wp-block-cover alignfull\"><span aria-hidden=\"true\" class=\"wp-block-cover__background has-background-dim-0 has-background-dim\"><\/span><img loading=\"lazy\" decoding=\"async\" width=\"1224\" height=\"450\" class=\"wp-block-cover__image-background wp-image-58\" alt=\"\" src=\"http:\/\/laborghesina.ch\/wp-content\/uploads\/2023\/06\/sfondo-copia.jpg\" data-object-fit=\"cover\" srcset=\"https:\/\/laborghesina.ch\/wp-content\/uploads\/2023\/06\/sfondo-copia.jpg 1224w, https:\/\/laborghesina.ch\/wp-content\/uploads\/2023\/06\/sfondo-copia-300x110.jpg 300w, https:\/\/laborghesina.ch\/wp-content\/uploads\/2023\/06\/sfondo-copia-1024x376.jpg 1024w, https:\/\/laborghesina.ch\/wp-content\/uploads\/2023\/06\/sfondo-copia-768x282.jpg 768w\" sizes=\"auto, (max-width: 1224px) 100vw, 1224px\" \/><div class=\"wp-block-cover__inner-container is-layout-flow wp-block-cover-is-layout-flow\">\n<div class=\"wp-block-uagb-container uagb-block-588c46f1 alignfull uagb-is-root-container\"><div class=\"uagb-container-inner-blocks-wrap\">\n<p>Il reparto donna propone una vasta scelta di abbigliamento per vestire tutte le occasioni con eleganza, semplicit\u00e0 e comodit\u00e0.<br>Da noi troverai competenza, disponibilit\u00e0 e una consulenza personalizzata. <br>Una vasta scelta di pantaloni, abiti, maglieria, foulard, collane e borse creeranno un look moderno, attuale e adeguato alla propria taglia che spazia dalla <strong>XS<\/strong> alla pi\u00f9 confortevole <strong>3XL <\/strong>nelle forme <strong>slim fit<\/strong> e nelle versioni pi\u00f9 comode, <strong>calibrate<\/strong> e <strong>curvy<\/strong>. La Borghesina, negozio abbigliamento a Locarno: boutique moda uomo, donna e bambino. Scopri abiti, scarpe, accessori, casual, sartoria e cerimonia per matrimonio. Visita il nostro shop negozio.<\/p>\n<\/div><\/div>\n<\/div><\/div>\n\n\n\n<div style=\"height:33px\" aria-hidden=\"true\" class=\"wp-block-spacer\"><\/div>\n\n\n\n<div class=\"wp-block-cover alignwide\"><span aria-hidden=\"true\" class=\"wp-block-cover__background has-base-3-background-color has-background-dim-100 has-background-dim\"><\/span><div class=\"wp-block-cover__inner-container is-layout-flow wp-block-cover-is-layout-flow\">\n<div class=\"wp-block-uagb-container uagb-block-148d4a50 alignfull uagb-is-root-container\"><div class=\"uagb-container-inner-blocks-wrap\">\n<h3 class=\"wp-block-heading has-accent-color has-text-color\">Il nostro negozio reparto donna<\/h3>\n\n\n\n<figure class=\"wp-block-gallery has-nested-images columns-default is-cropped wp-block-gallery-1 is-layout-flex wp-block-gallery-is-layout-flex\">\n<figure class=\"wp-block-image size-large\"><a href=\"https:\/\/laborghesina.ch\/wp-content\/uploads\/2025\/10\/IMG_E3761-min-scaled.jpg\"><img loading=\"lazy\" decoding=\"async\" width=\"927\" height=\"1024\" src=\"https:\/\/laborghesina.ch\/wp-content\/uploads\/2025\/10\/IMG_E3761-min-927x1024.jpg\" alt=\"\" class=\"wp-image-3149\" srcset=\"https:\/\/laborghesina.ch\/wp-content\/uploads\/2025\/10\/IMG_E3761-min-927x1024.jpg 927w, https:\/\/laborghesina.ch\/wp-content\/uploads\/2025\/10\/IMG_E3761-min-271x300.jpg 271w, https:\/\/laborghesina.ch\/wp-content\/uploads\/2025\/10\/IMG_E3761-min-768x849.jpg 768w, https:\/\/laborghesina.ch\/wp-content\/uploads\/2025\/10\/IMG_E3761-min-1390x1536.jpg 1390w, https:\/\/laborghesina.ch\/wp-content\/uploads\/2025\/10\/IMG_E3761-min-1853x2048.jpg 1853w\" sizes=\"auto, (max-width: 927px) 100vw, 927px\" \/><\/a><\/figure>\n\n\n\n<figure class=\"wp-block-image size-large\"><a href=\"https:\/\/laborghesina.ch\/wp-content\/uploads\/2024\/05\/IMG_6170-min-1-scaled.jpg\"><img loading=\"lazy\" decoding=\"async\" width=\"768\" height=\"1024\" src=\"https:\/\/laborghesina.ch\/wp-content\/uploads\/2024\/05\/IMG_6170-min-1-768x1024.jpg\" alt=\"\" class=\"wp-image-1887\" srcset=\"https:\/\/laborghesina.ch\/wp-content\/uploads\/2024\/05\/IMG_6170-min-1-768x1024.jpg 768w, https:\/\/laborghesina.ch\/wp-content\/uploads\/2024\/05\/IMG_6170-min-1-225x300.jpg 225w, https:\/\/laborghesina.ch\/wp-content\/uploads\/2024\/05\/IMG_6170-min-1-1152x1536.jpg 1152w, https:\/\/laborghesina.ch\/wp-content\/uploads\/2024\/05\/IMG_6170-min-1-1536x2048.jpg 1536w, https:\/\/laborghesina.ch\/wp-content\/uploads\/2024\/05\/IMG_6170-min-1-scaled.jpg 1920w\" sizes=\"auto, (max-width: 768px) 100vw, 768px\" \/><\/a><\/figure>\n\n\n\n<figure class=\"wp-block-image size-large\"><a href=\"https:\/\/laborghesina.ch\/wp-content\/uploads\/2024\/05\/IMG_6162-min-scaled.jpg\"><img loading=\"lazy\" decoding=\"async\" width=\"1024\" height=\"768\" src=\"https:\/\/laborghesina.ch\/wp-content\/uploads\/2024\/05\/IMG_6162-min-1024x768.jpg\" alt=\"\" class=\"wp-image-1888\" srcset=\"https:\/\/laborghesina.ch\/wp-content\/uploads\/2024\/05\/IMG_6162-min-1024x768.jpg 1024w, https:\/\/laborghesina.ch\/wp-content\/uploads\/2024\/05\/IMG_6162-min-300x225.jpg 300w, https:\/\/laborghesina.ch\/wp-content\/uploads\/2024\/05\/IMG_6162-min-768x576.jpg 768w, https:\/\/laborghesina.ch\/wp-content\/uploads\/2024\/05\/IMG_6162-min-1536x1152.jpg 1536w, https:\/\/laborghesina.ch\/wp-content\/uploads\/2024\/05\/IMG_6162-min-2048x1536.jpg 2048w\" sizes=\"auto, (max-width: 1024px) 100vw, 1024px\" \/><\/a><\/figure>\n\n\n\n<figure class=\"wp-block-image size-large\"><a href=\"http:\/\/laborghesina.ch\/wp-content\/uploads\/2025\/10\/IMG_3588-min-scaled.jpg\"><img loading=\"lazy\" decoding=\"async\" width=\"768\" height=\"1024\" src=\"http:\/\/laborghesina.ch\/wp-content\/uploads\/2025\/10\/IMG_3588-min-768x1024.jpg\" alt=\"\" class=\"wp-image-3152\" srcset=\"https:\/\/laborghesina.ch\/wp-content\/uploads\/2025\/10\/IMG_3588-min-768x1024.jpg 768w, https:\/\/laborghesina.ch\/wp-content\/uploads\/2025\/10\/IMG_3588-min-225x300.jpg 225w, https:\/\/laborghesina.ch\/wp-content\/uploads\/2025\/10\/IMG_3588-min-1152x1536.jpg 1152w, https:\/\/laborghesina.ch\/wp-content\/uploads\/2025\/10\/IMG_3588-min-1536x2048.jpg 1536w, https:\/\/laborghesina.ch\/wp-content\/uploads\/2025\/10\/IMG_3588-min-scaled.jpg 1920w\" sizes=\"auto, (max-width: 768px) 100vw, 768px\" \/><\/a><\/figure>\n\n\n\n<figure class=\"wp-block-image size-large\"><a href=\"https:\/\/laborghesina.ch\/wp-content\/uploads\/2025\/10\/RB011223RP-scaled.jpg\"><img loading=\"lazy\" decoding=\"async\" width=\"768\" height=\"1024\" src=\"https:\/\/laborghesina.ch\/wp-content\/uploads\/2025\/10\/RB011223RP-768x1024.jpg\" alt=\"\" class=\"wp-image-3153\" srcset=\"https:\/\/laborghesina.ch\/wp-content\/uploads\/2025\/10\/RB011223RP-768x1024.jpg 768w, https:\/\/laborghesina.ch\/wp-content\/uploads\/2025\/10\/RB011223RP-225x300.jpg 225w, https:\/\/laborghesina.ch\/wp-content\/uploads\/2025\/10\/RB011223RP-1152x1536.jpg 1152w, https:\/\/laborghesina.ch\/wp-content\/uploads\/2025\/10\/RB011223RP-1536x2048.jpg 1536w, https:\/\/laborghesina.ch\/wp-content\/uploads\/2025\/10\/RB011223RP-scaled.jpg 1920w\" sizes=\"auto, (max-width: 768px) 100vw, 768px\" \/><\/a><\/figure>\n\n\n\n<figure class=\"wp-block-image size-large\"><a href=\"https:\/\/laborghesina.ch\/wp-content\/uploads\/2025\/10\/IMG_E3763-min-scaled.jpg\"><img loading=\"lazy\" decoding=\"async\" width=\"768\" height=\"1024\" src=\"https:\/\/laborghesina.ch\/wp-content\/uploads\/2025\/10\/IMG_E3763-min-768x1024.jpg\" alt=\"\" class=\"wp-image-3151\" srcset=\"https:\/\/laborghesina.ch\/wp-content\/uploads\/2025\/10\/IMG_E3763-min-768x1024.jpg 768w, https:\/\/laborghesina.ch\/wp-content\/uploads\/2025\/10\/IMG_E3763-min-225x300.jpg 225w, https:\/\/laborghesina.ch\/wp-content\/uploads\/2025\/10\/IMG_E3763-min-1152x1536.jpg 1152w, https:\/\/laborghesina.ch\/wp-content\/uploads\/2025\/10\/IMG_E3763-min-1536x2048.jpg 1536w, https:\/\/laborghesina.ch\/wp-content\/uploads\/2025\/10\/IMG_E3763-min-scaled.jpg 1920w\" sizes=\"auto, (max-width: 768px) 100vw, 768px\" \/><\/a><\/figure>\n\n\n\n<figure class=\"wp-block-image size-large\"><a href=\"https:\/\/laborghesina.ch\/wp-content\/uploads\/2025\/03\/IMG_0877-min-scaled.jpg\"><img loading=\"lazy\" decoding=\"async\" width=\"1024\" height=\"768\" src=\"https:\/\/laborghesina.ch\/wp-content\/uploads\/2025\/03\/IMG_0877-min-1024x768.jpg\" alt=\"\" class=\"wp-image-2626\" srcset=\"https:\/\/laborghesina.ch\/wp-content\/uploads\/2025\/03\/IMG_0877-min-1024x768.jpg 1024w, https:\/\/laborghesina.ch\/wp-content\/uploads\/2025\/03\/IMG_0877-min-300x225.jpg 300w, https:\/\/laborghesina.ch\/wp-content\/uploads\/2025\/03\/IMG_0877-min-768x576.jpg 768w, https:\/\/laborghesina.ch\/wp-content\/uploads\/2025\/03\/IMG_0877-min-1536x1152.jpg 1536w, https:\/\/laborghesina.ch\/wp-content\/uploads\/2025\/03\/IMG_0877-min-2048x1536.jpg 2048w\" sizes=\"auto, (max-width: 1024px) 100vw, 1024px\" \/><\/a><\/figure>\n\n\n\n<figure class=\"wp-block-image size-large\"><a href=\"https:\/\/laborghesina.ch\/wp-content\/uploads\/2025\/10\/IMG_3593-min-scaled.jpg\"><img loading=\"lazy\" decoding=\"async\" width=\"768\" height=\"1024\" src=\"https:\/\/laborghesina.ch\/wp-content\/uploads\/2025\/10\/IMG_3593-min-768x1024.jpg\" alt=\"\" class=\"wp-image-3155\" srcset=\"https:\/\/laborghesina.ch\/wp-content\/uploads\/2025\/10\/IMG_3593-min-768x1024.jpg 768w, https:\/\/laborghesina.ch\/wp-content\/uploads\/2025\/10\/IMG_3593-min-225x300.jpg 225w, https:\/\/laborghesina.ch\/wp-content\/uploads\/2025\/10\/IMG_3593-min-1152x1536.jpg 1152w, https:\/\/laborghesina.ch\/wp-content\/uploads\/2025\/10\/IMG_3593-min-1536x2048.jpg 1536w, https:\/\/laborghesina.ch\/wp-content\/uploads\/2025\/10\/IMG_3593-min-scaled.jpg 1920w\" sizes=\"auto, (max-width: 768px) 100vw, 768px\" \/><\/a><\/figure>\n\n\n\n<figure class=\"wp-block-image size-large\"><a href=\"https:\/\/laborghesina.ch\/wp-content\/uploads\/2024\/03\/RB010389-min-scaled.jpg\"><img loading=\"lazy\" decoding=\"async\" width=\"1024\" height=\"768\" src=\"https:\/\/laborghesina.ch\/wp-content\/uploads\/2024\/03\/RB010389-min-1024x768.jpg\" alt=\"\" class=\"wp-image-1683\" srcset=\"https:\/\/laborghesina.ch\/wp-content\/uploads\/2024\/03\/RB010389-min-1024x768.jpg 1024w, https:\/\/laborghesina.ch\/wp-content\/uploads\/2024\/03\/RB010389-min-300x225.jpg 300w, https:\/\/laborghesina.ch\/wp-content\/uploads\/2024\/03\/RB010389-min-768x576.jpg 768w, https:\/\/laborghesina.ch\/wp-content\/uploads\/2024\/03\/RB010389-min-1536x1152.jpg 1536w, https:\/\/laborghesina.ch\/wp-content\/uploads\/2024\/03\/RB010389-min-2048x1536.jpg 2048w\" sizes=\"auto, (max-width: 1024px) 100vw, 1024px\" \/><\/a><\/figure>\n\n\n\n<figure class=\"wp-block-image size-large\"><a href=\"https:\/\/laborghesina.ch\/wp-content\/uploads\/2024\/12\/IMG_8931-min-1-scaled.jpg\"><img loading=\"lazy\" decoding=\"async\" width=\"1024\" height=\"768\" src=\"https:\/\/laborghesina.ch\/wp-content\/uploads\/2024\/12\/IMG_8931-min-1-1024x768.jpg\" alt=\"\" class=\"wp-image-2444\" srcset=\"https:\/\/laborghesina.ch\/wp-content\/uploads\/2024\/12\/IMG_8931-min-1-1024x768.jpg 1024w, https:\/\/laborghesina.ch\/wp-content\/uploads\/2024\/12\/IMG_8931-min-1-300x225.jpg 300w, https:\/\/laborghesina.ch\/wp-content\/uploads\/2024\/12\/IMG_8931-min-1-768x576.jpg 768w, https:\/\/laborghesina.ch\/wp-content\/uploads\/2024\/12\/IMG_8931-min-1-1536x1152.jpg 1536w, https:\/\/laborghesina.ch\/wp-content\/uploads\/2024\/12\/IMG_8931-min-1-2048x1536.jpg 2048w\" sizes=\"auto, (max-width: 1024px) 100vw, 1024px\" \/><\/a><\/figure>\n\n\n\n<figure class=\"wp-block-image size-large\"><a href=\"https:\/\/laborghesina.ch\/wp-content\/uploads\/2024\/05\/IMG_6171-min-scaled.jpg\"><img loading=\"lazy\" decoding=\"async\" width=\"768\" height=\"1024\" src=\"https:\/\/laborghesina.ch\/wp-content\/uploads\/2024\/05\/IMG_6171-min-768x1024.jpg\" alt=\"\" class=\"wp-image-1884\" srcset=\"https:\/\/laborghesina.ch\/wp-content\/uploads\/2024\/05\/IMG_6171-min-768x1024.jpg 768w, https:\/\/laborghesina.ch\/wp-content\/uploads\/2024\/05\/IMG_6171-min-225x300.jpg 225w, https:\/\/laborghesina.ch\/wp-content\/uploads\/2024\/05\/IMG_6171-min-1152x1536.jpg 1152w, https:\/\/laborghesina.ch\/wp-content\/uploads\/2024\/05\/IMG_6171-min-1536x2048.jpg 1536w, https:\/\/laborghesina.ch\/wp-content\/uploads\/2024\/05\/IMG_6171-min-scaled.jpg 1920w\" sizes=\"auto, (max-width: 768px) 100vw, 768px\" \/><\/a><\/figure>\n\n\n\n<figure class=\"wp-block-image size-large\"><a href=\"https:\/\/laborghesina.ch\/wp-content\/uploads\/2024\/12\/IMG_8930-min-scaled.jpg\"><img loading=\"lazy\" decoding=\"async\" width=\"1024\" height=\"768\" src=\"https:\/\/laborghesina.ch\/wp-content\/uploads\/2024\/12\/IMG_8930-min-1024x768.jpg\" alt=\"\" class=\"wp-image-2442\" srcset=\"https:\/\/laborghesina.ch\/wp-content\/uploads\/2024\/12\/IMG_8930-min-1024x768.jpg 1024w, https:\/\/laborghesina.ch\/wp-content\/uploads\/2024\/12\/IMG_8930-min-300x225.jpg 300w, https:\/\/laborghesina.ch\/wp-content\/uploads\/2024\/12\/IMG_8930-min-768x576.jpg 768w, https:\/\/laborghesina.ch\/wp-content\/uploads\/2024\/12\/IMG_8930-min-1536x1152.jpg 1536w, https:\/\/laborghesina.ch\/wp-content\/uploads\/2024\/12\/IMG_8930-min-2048x1536.jpg 2048w\" sizes=\"auto, (max-width: 1024px) 100vw, 1024px\" \/><\/a><\/figure>\n\n\n\n<figure class=\"wp-block-image size-large\"><img loading=\"lazy\" decoding=\"async\" width=\"768\" height=\"1024\" src=\"https:\/\/laborghesina.ch\/wp-content\/uploads\/2024\/12\/IMG_8933-min-768x1024.jpg\" alt=\"\" class=\"wp-image-2447\" srcset=\"https:\/\/laborghesina.ch\/wp-content\/uploads\/2024\/12\/IMG_8933-min-768x1024.jpg 768w, https:\/\/laborghesina.ch\/wp-content\/uploads\/2024\/12\/IMG_8933-min-225x300.jpg 225w, https:\/\/laborghesina.ch\/wp-content\/uploads\/2024\/12\/IMG_8933-min-1152x1536.jpg 1152w, https:\/\/laborghesina.ch\/wp-content\/uploads\/2024\/12\/IMG_8933-min-1536x2048.jpg 1536w, https:\/\/laborghesina.ch\/wp-content\/uploads\/2024\/12\/IMG_8933-min-scaled.jpg 1920w\" sizes=\"auto, (max-width: 768px) 100vw, 768px\" \/><\/figure>\n\n\n\n<figure class=\"wp-block-image size-large\"><img loading=\"lazy\" decoding=\"async\" width=\"768\" height=\"1024\" src=\"https:\/\/laborghesina.ch\/wp-content\/uploads\/2024\/12\/IMG_8928-min-1-768x1024.jpg\" alt=\"\" class=\"wp-image-2445\" srcset=\"https:\/\/laborghesina.ch\/wp-content\/uploads\/2024\/12\/IMG_8928-min-1-768x1024.jpg 768w, https:\/\/laborghesina.ch\/wp-content\/uploads\/2024\/12\/IMG_8928-min-1-225x300.jpg 225w, https:\/\/laborghesina.ch\/wp-content\/uploads\/2024\/12\/IMG_8928-min-1-1152x1536.jpg 1152w, https:\/\/laborghesina.ch\/wp-content\/uploads\/2024\/12\/IMG_8928-min-1-1536x2048.jpg 1536w, https:\/\/laborghesina.ch\/wp-content\/uploads\/2024\/12\/IMG_8928-min-1-scaled.jpg 1920w\" sizes=\"auto, (max-width: 768px) 100vw, 768px\" \/><\/figure>\n\n\n\n<figure class=\"wp-block-image size-large\"><img loading=\"lazy\" decoding=\"async\" width=\"923\" height=\"1024\" src=\"https:\/\/laborghesina.ch\/wp-content\/uploads\/2025\/10\/IMG_3776-min-923x1024.jpg\" alt=\"\" class=\"wp-image-3162\" srcset=\"https:\/\/laborghesina.ch\/wp-content\/uploads\/2025\/10\/IMG_3776-min-923x1024.jpg 923w, https:\/\/laborghesina.ch\/wp-content\/uploads\/2025\/10\/IMG_3776-min-270x300.jpg 270w, https:\/\/laborghesina.ch\/wp-content\/uploads\/2025\/10\/IMG_3776-min-768x852.jpg 768w, https:\/\/laborghesina.ch\/wp-content\/uploads\/2025\/10\/IMG_3776-min-1384x1536.jpg 1384w, https:\/\/laborghesina.ch\/wp-content\/uploads\/2025\/10\/IMG_3776-min-1845x2048.jpg 1845w\" sizes=\"auto, (max-width: 923px) 100vw, 923px\" \/><\/figure>\n\n\n\n<figure class=\"wp-block-image size-large\"><img loading=\"lazy\" decoding=\"async\" width=\"768\" height=\"1024\" src=\"https:\/\/laborghesina.ch\/wp-content\/uploads\/2025\/10\/TCRI0811-768x1024.jpg\" alt=\"\" class=\"wp-image-3154\" srcset=\"https:\/\/laborghesina.ch\/wp-content\/uploads\/2025\/10\/TCRI0811-768x1024.jpg 768w, https:\/\/laborghesina.ch\/wp-content\/uploads\/2025\/10\/TCRI0811-225x300.jpg 225w, https:\/\/laborghesina.ch\/wp-content\/uploads\/2025\/10\/TCRI0811-1152x1536.jpg 1152w, https:\/\/laborghesina.ch\/wp-content\/uploads\/2025\/10\/TCRI0811-1536x2048.jpg 1536w, https:\/\/laborghesina.ch\/wp-content\/uploads\/2025\/10\/TCRI0811.jpg 1800w\" sizes=\"auto, (max-width: 768px) 100vw, 768px\" \/><\/figure>\n\n\n\n<figure class=\"wp-block-image size-large\"><img loading=\"lazy\" decoding=\"async\" width=\"768\" height=\"1024\" src=\"https:\/\/laborghesina.ch\/wp-content\/uploads\/2025\/10\/IMG_3781-min-768x1024.jpg\" alt=\"\" class=\"wp-image-3161\" srcset=\"https:\/\/laborghesina.ch\/wp-content\/uploads\/2025\/10\/IMG_3781-min-768x1024.jpg 768w, https:\/\/laborghesina.ch\/wp-content\/uploads\/2025\/10\/IMG_3781-min-225x300.jpg 225w, https:\/\/laborghesina.ch\/wp-content\/uploads\/2025\/10\/IMG_3781-min-1152x1536.jpg 1152w, https:\/\/laborghesina.ch\/wp-content\/uploads\/2025\/10\/IMG_3781-min-1536x2048.jpg 1536w, https:\/\/laborghesina.ch\/wp-content\/uploads\/2025\/10\/IMG_3781-min-scaled.jpg 1920w\" sizes=\"auto, (max-width: 768px) 100vw, 768px\" \/><\/figure>\n<\/figure>\n<\/div><\/div>\n\n\n\n<p class=\"has-text-align-center has-large-font-size\"><\/p>\n<\/div><\/div>\n","protected":false},"excerpt":{"rendered":"","protected":false},"author":1,"featured_media":0,"parent":0,"menu_order":0,"comment_status":"closed","ping_status":"closed","template":"","meta":{"inline_featured_image":false,"_uag_custom_page_level_css":"","footnotes":""},"class_list":["post-227","page","type-page","status-publish"],"uagb_featured_image_src":{"full":false,"thumbnail":false,"medium":false,"medium_large":false,"large":false,"1536x1536":false,"2048x2048":false},"uagb_author_info":{"display_name":"admin","author_link":"https:\/\/laborghesina.ch\/?author=1"},"uagb_comment_info":0,"uagb_excerpt":null,"_links":{"self":[{"href":"https:\/\/laborghesina.ch\/index.php?rest_route=\/wp\/v2\/pages\/227","targetHints":{"allow":["GET"]}}],"collection":[{"href":"https:\/\/laborghesina.ch\/index.php?rest_route=\/wp\/v2\/pages"}],"about":[{"href":"https:\/\/laborghesina.ch\/index.php?rest_route=\/wp\/v2\/types\/page"}],"author":[{"embeddable":true,"href":"https:\/\/laborghesina.ch\/index.php?rest_route=\/wp\/v2\/users\/1"}],"replies":[{"embeddable":true,"href":"https:\/\/laborghesina.ch\/index.php?rest_route=%2Fwp%2Fv2%2Fcomments&post=227"}],"version-history":[{"count":58,"href":"https:\/\/laborghesina.ch\/index.php?rest_route=\/wp\/v2\/pages\/227\/revisions"}],"predecessor-version":[{"id":3950,"href":"https:\/\/laborghesina.ch\/index.php?rest_route=\/wp\/v2\/pages\/227\/revisions\/3950"}],"wp:attachment":[{"href":"https:\/\/laborghesina.ch\/index.php?rest_route=%2Fwp%2Fv2%2Fmedia&parent=227"}],"curies":[{"name":"wp","href":"https:\/\/api.w.org\/{rel}","templated":true}]}}